-r**2 - 6*r - 5. Suppose -2*s = -o - 3, 4*o + 2*s - 10 = 18. Suppose o*z + 162 = 132. Calculate n(z).
-5
Let x(z) = -2*z - 9. Let c(k) = k - 16. Let g be c(11). Calculate x(g).
1
Let x be ((-390)/273)/((-3)/(-21)). Let y(l) = l**3 + 10*l**2 + 7. Give y(x).
7
Suppose -16*a + 13*a + 6 = 0. Suppose d + 0*d = -a*h + 17, 3*h - 4*d = -2. Let v(r) be the second derivative of r**4/12 - r**3/2 - r**2/2 - 2*r. What is v(h)?
17
Let b(x) = -x**2 + 2*x**3 - x + 0*x**2 - x**3 + 4*x**2 + 0*x**2 + 2. Calculate b(-2).
8
Let l(o) = 2*o**2 - o - 12. Let z be l(5). Suppose 0*y + z = y. Let i(n) = -33 + n - n**2 + y. Give i(3).
-6
Let t(x) = 2*x**2 + 15*x + 7. Let i(d) = -d**2 + 28*d - 201. Let g be i(15). Give t(g).
-11
Let k(l) = -13*l + 4. Let t be (-16)/(-40) + (-66)/(-110). Give k(t).
-9
Let o(w) = 3*w + 3. Let i(g) = 8*g + 9. Let b(q) = -4*i(q) + 9*o(q). Give b(-10).
41
Let x = 9 + -8. Let y(d) = -2*d**2. Let z(h) = 7*h**2 - h. Let k(q) = 2*y(q) - z(q). Determine k(x).
-10
Let o(z) be the first derivative of z**5/40 + z**4/8 - 8*z**3/3 + 15. Let b(m) be the third derivative of o(m). Calculate b(-4).
-9
Let y(a) = a**2 - 12. Let c be y(-5). Suppose c*g + 30 = 28*g. Let o(p) = -2*p**2 + p. Determine o(g).
-6
Let a(x) be the first derivative of -8*x + 5/3*x**3 - 3 + 1/4*x**4 - 7/2*x**2. Suppose -h - 1 = 5. What is a(h)?
-2
Let t(w) be the third derivative of 2*w**5/15 - w**3/6 + 4*w**2. What is t(-2)?
31
Let t = 15 + -5. Suppose -5*a = -t*a. Let w(y) = y - 2. What is w(a)?
-2
Let o(g) = -g**3 - 7*g**2 - 6*g + 8. Let i(c) = 5*c - 10 + 0*c + 6 - 3*c. Let y be i(-1). Calculate o(y).
8
Let y = -662 - -667. Let z = 1 + -1. Suppose 2*q = -4*d - 8 - z, 5*q - 25 = y*d. Let x(i) = i - 2. What is x(q)?
0
Let j be (-3)/(-6)*-4 + 0. Let o be j + (1 + -17)/(-4). Let s(w) = 5 - w**o - 5 + w - 2*w. Calculate s(-3).
-6
Suppose -82*m + 4 = -81*m. Let f(k) be the third derivative of 0 + 1/30*k**5 - k**2 - 1/6*k**4 - 5/6*k**3 + 0*k. What is f(m)?
11
Let t(u) = -6*u - 25. Let z(b) = -11*b - 48. Let v(q) = -5*t(q) + 3*z(q). Calculate v(-6).
-1
Let y(i) = -i**2 - 5*i + 2. Suppose 5*l - 25 = -0*l. Suppose -l*j + k + 35 = 0, -3*k + 7 = j - 2*k. Let o = -11 + j. Calculate y(o).
6
Suppose 0 = -0*b + 5*b - 5. Let k(p) be the first derivative of -2*p**3/3 + 481. What is k(b)?
-2
Let a be 5 + -1 - 2/((-3)/(-3)). Let q(g) be the first derivative of 1/2*g**2 - 4 + a*g. Calculate q(-2).
0
Let j(z) = z**2 + 16*z + 18. Let b be j(-15). Suppose -h = -g + 5, 2*g + 14 = -b*h + 4. Let u(c) = 1 + 5*c**3 - 5*c**2 - 2*c + 2 - 6*c**3. Give u(h).
-5
Let y be -4 - -8 - 2/1. Let z(r) = -84*r**2 + 1 + 4*r + 83*r**y + 4*r. Determine z(6).
13
Let z(s) = 4482 - 2232 + 5*s**2 - 8*s - 2238 - s**3. Determine z(4).
-4
Let i be (2 - 5)*(16/(-6))/2. Let j(o) = -6*o - 100*o**2 + 52*o**2 + i + 49*o**2. Calculate j(6).
4
Let s(c) = -c**3 + 13*c**2 - 19*c - 27. Let y(q) = -q**2 - q - 2. Let j(o) = -s(o) + 4*y(o). Calculate j(16).
3
Suppose 0*c - s - 4 = -4*c, 4*c = 3*s + 12. Suppose 6*v - v + 5 = c. Let a(h) = 2*h - 5*h**3 - 4*h**2 - h + 6*h**2 + 9*h**3. What is a(v)?
-3
Let j be 2/(-6) + 16/3. Let h(w) be the second derivative of -w**5/20 + 5*w**4/12 + w**3/2 + w**2/2 - 5440*w. Calculate h(j).
16
Let w = -946 + 962. Let x(c) = c - 10. Determine x(w).
6
Let t(r) = -13*r**2 - r + 11. Suppose 11*y = 5*y + 36. Let l(z) = 7*z**2 + z - 6. Let d(g) = y*t(g) + 11*l(g). Determine d(4).
4
Let c be ((-18)/(-21))/((-2)/(-14)). Let y(q) = -549 + 1032 - 487 + q. Determine y(c).
2
Let z(p) = -82*p**2 + 3*p + 81. Let m(g) = 29*g**2 - g - 27. Let r(x) = -17*m(x) - 6*z(x). What is r(0)?
-27
Let i(x) = -2*x**3 - x**2 + 2*x - 1. Let a = -15 + 21. Suppose o = f + 2, -4*f + 49 = 5*o + 3. Suppose -a = 4*z + m, -2*m - o = 4*z + z. What is i(z)?
7
Let x(m) = 1 - 4 + 0*m + 2*m. Suppose 35*n - 51*n = -32. Give x(n).
1
Let m(l) = -2*l**2 + 6*l + 3. Let f(z) = 6*z + 60. Let h be f(-9). Determine m(h).
-33
Let k(v) = -v - 1. Let y(i) = -5*i - 18. Let g(b) = -3*k(b) + y(b). Give g(-11).
7
Let h(j) = -j**2 + j - 1. Suppose 0 = 10*m - 6*m - 40. Suppose 5*q = -m*q. Determine h(q).
-1
Suppose 5*s - 72 + 47 = 0. Let q(g) be the first derivative of -g**5/60 + 5*g**4/24 + g**3 - 2. Let v(r) be the third derivative of q(r). Calculate v(s).
-5
Let p(n) = 2*n**3 + n**2 - 2*n + 1. Let j = -189 + 191. Give p(j).
17
Let s be (-12 - -7)/((-4)/4)*-1. Let p(h) = 4*h + 13. Calculate p(s).
-7
Let o(b) = b**3 + 7*b**2 - 8*b - 12. Suppose -3*g + 119 = 143. Calculate o(g).
-12
Let t(z) = 2*z - 2*z + z. Let s be -1*((1 + -7)/3 - 9). Let w(n) = n - 4. Let p be w(s). Give t(p).
7
Let o(j) = j**2 + 4*j + 3. Let v be o(-4). Let u(t) = -4*t + 0*t + v*t - 3. Suppose 0 = 10*q - 8 + 38. Determine u(q).
0
Let d(j) be the second derivative of j**6/120 - j**5/12 + j**4/8 - j**3/3 + 45*j**2/2 + 18*j. Let p(w) be the first derivative of d(w). Calculate p(5).
13
Let h be (-42)/189 - (-6)/27. Let i(r) be the first derivative of h*r**2 + r + 5 - 5/4*r**4 + 0*r**3. What is i(1)?
-4
Let i be (-16)/(-12)*(-33)/(-4). Suppose 10*w = 2*g + 5*w + 1, -3*g + i = 5*w. Let k(q) = q**2 + q**2 - 6 + 3 - q**g. What is k(0)?
-3
Let x(q) = 7*q**2 + 7*q + 28. Let f(w) = -15*w**2 - 16*w - 61. Let j(l) = -6*f(l) - 13*x(l). Calculate j(4).
6
Let q(r) = -6*r - 3. Suppose 0 = 945*n - 942*n + 9. What is q(n)?
15
Let n(v) = 1 - 7*v - 1. Let a(d) = d**3 - 21*d**2 - d + 22. Let z be a(21). Determine n(z).
-7
Let c(r) = -r - 1. Let x(f) = 2*f + 6. Suppose j = 2*j - 3. Let o(t) = j*c(t) + x(t). Suppose 0 = -54*s + 24*s. Give o(s).
3
Suppose 2*d = -0*c + c, 5*d - 2 = 3*c. Let x be 5/((-5)/(-4)) + d. Suppose -g - 4 = -x. Let a(t) = t**2 + 3*t + 3. Calculate a(g).
1
Let t(q) be the third derivative of -q**5/60 - q**4/12 - q**2. Let f(m) = -4*m**2 - 3*m + 3. Let a = 32 - 31. Let w be f(a). Give t(w).
-8
Let t(d) be the third derivative of 0*d - 7/24*d**4 - 1/3*d**3 + 22*d**2 + 0. What is t(2)?
-16
Let d(c) = -2*c - 258 + 532 + 3*c - 264 - 3*c. Give d(8).
-6
Let g(r) be the third derivative of r**5/20 - r**3 - 3*r**2 - 192. Calculate g(3).
21
Let l(y) = 7 - 6*y + 4 - 6*y + y**2 + 0. What is l(11)?
0
Let n(f) = -8*f**3 - 6*f**3 + 13*f**3 + 3 - 3*f**2 - 1. Suppose 2*l + 14 = -5*b, -5*l = 3*b + 16 - 0. Give n(b).
-2
Let v(w) = w + 2. Let x(d) be the third derivative of 0*d - 1/12*d**4 - 8/3*d**3 + 0 + d**2. Let g be x(-11). Determine v(g).
8
Suppose -2*z + 30 = 2. Suppose -2*d - z + 22 = 0. Let c(p) = -5*p + 5. Calculate c(d).
-15
Let u(m) = m**3 + 7*m**2 + 7*m + 8. Suppose -5*t - 64 = -3*l, 5*t + 46 = t + 5*l. Let i = -20 - t. Calculate u(i).
2
Let k(l) be the second derivative of 7/2*l**2 - 1/2*l**3 + 1/120*l**6 + 0*l**4 + 0 + 1/60*l**5 - 6*l. Let i(w) be the first derivative of k(w). Determine i(0).
-3
Let x(a) = -a - 5*a + 2*a - 4 + 10*a. What is x(-2)?
-16
Let o(h) = -h**3 - 6*h**2 + 2*h + 15. Let v be o(-6). Let m(f) = f**3 + f**2 - 4*f + 4. Determine m(v).
28
Let o(m) = -5 - m + 6*m + m - 1. Give o(5).
24
Let u(b) be the first derivative of -2*b**3/3 - b**2 - 6*b + 328. Calculate u(-7).
-90
Let w(d) be the second derivative of d**3/2 + d**2/2 - d. Let r = -2424 - -2426. Calculate w(r).
7
Suppose 5*h = 3*h + 406. Suppose -5*n = -32 - h. Let c(o) = -106 + o**2 + 45 - o + n. Calculate c(0).
-14
Let t(j) be the third derivative of 1/120*j**6 - 1/10*j**5 + 0*j + 1/3*j**4 - 1/2*j**3 + 0 - 4*j**2. Determine t(5).
12
Let v(w) = 106*w - 77*w - 27*w - 9. What is v(6)?
3
Let x(q) = -q**3 + 8*q**2 - 6. Suppose 3*v + 14 = -4*w + 55, 2*w - 2*v - 10 = 0. Determine x(w).
-6
Let g(i) = 15*i - 8*i - 5*i. Determine g(-3).
-6
Let z be 27/36 + (-12)/16. Let g(n) = 2*n + 6. Determine g(z).
6
Let a(w) = w**2 + w + 32. Suppose 3*j = -2*p, -3*p = -2*j - 2*j. Determine a(p).
32
Let b be ((-4)/(-3))/((-7)/21). Let o(a) = -a**2 - 3*a - 4. Determine o(b).
-8
Let f(d) be the second derivative of -d**4/12 - d**3 + 5*d**2/2 + 174*d. Determine f(-9).
-22
Let i(s) = -877*s**2 + 2 + 1738*s**2 - 883*s**2 - s + 0. Determine i(1).
-21
Let m(l) = l**2 - 3*l - 7. Let a be (-85)/(-10) + 6/(-4). Give m(a).
21
Let y(k) = -1736*k - 1737*k + 3474*k - 13. Determine y(8).
-5
Let k be ((-1)/3)/(20 + (-4820)/240). Let w(n) = n**3 - 3*n**2 - 3*n + 3. Determine w(k).
7
Let j = -662 + 665. Let f(l) be the first derivative of -l**2 - 3*l - 1. What is f(j)?
-9
L